{"id":1307,"date":"2012-12-27T12:54:48","date_gmt":"2012-12-27T10:54:48","guid":{"rendered":"http:\/\/www.worldofbullcraft.com\/content\/?page_id=1307"},"modified":"2013-08-01T21:31:42","modified_gmt":"2013-08-01T19:31:42","slug":"severus-snape-verbena","status":"publish","type":"page","link":"https:\/\/www.worldofbullcraft.com\/content\/severus-snape-verbena\/","title":{"rendered":"Severus Snape Verbena"},"content":{"rendered":"<p style=\"text-align: center;\"><span style=\"font-size: 1.5em;\">Welcome to the courtesy page for:<\/span><\/p>\n<h2 style=\"text-align: center;\"><strong>Severus Snape Verbena<\/strong><\/h2>\n<p style=\"text-align: left;\"><!-- Galleria - place you images here -->\n\t<div class=\"row\">\n       <div id=\"galleria\">\t\n\t\t<a href=\"https:\/\/www.worldofbullcraft.com\/content\/wp-content\/uploads\/2013\/08\/severus1-680x450.jpg\"><img title=\"Severus Snape Verbena<p>Severus Snape Verbena<\/p>\" data-title=\"Severus Snape Verbena<p>Severus Snape Verbena<\/p>\"  src=\"https:\/\/www.worldofbullcraft.com\/content\/wp-content\/uploads\/2013\/08\/severus1-100x50.jpg\"  data-big=\"https:\/\/www.worldofbullcraft.com\/content\/wp-content\/uploads\/2013\/08\/severus1.jpg\"\n\t\t\t\t\t\t\t   data-description=\"\"  \/><\/a><a href=\"https:\/\/www.worldofbullcraft.com\/content\/wp-content\/uploads\/2013\/08\/severus2-680x450.jpg\"><img title=\"Severus Snape Verbena<p>Severus Snape Verbena<\/p>\" data-title=\"Severus Snape Verbena<p>Severus Snape Verbena<\/p>\"  src=\"https:\/\/www.worldofbullcraft.com\/content\/wp-content\/uploads\/2013\/08\/severus2-100x50.jpg\"  data-big=\"https:\/\/www.worldofbullcraft.com\/content\/wp-content\/uploads\/2013\/08\/severus2.jpg\"\n\t\t\t\t\t\t\t   data-description=\"\"  \/><\/a>\t\n\t <\/div>\t\n  <\/div>\t\n<!-- Galleria ends here -->\n\n<\/p>\n<p>Biography for Severus Snape Verbena.<\/p>\n<p>Born on the 25th of\u00a0July 2009<br \/>\nFather: CH.PL UKUSA RAPSCALLION<br \/>\nMother: ENYA Z\u0142ota Obsesja<br \/>\nWeight: * Kilograms.<br \/>\nTitles:<\/p>\n<p>Severus\u00a0is the Male Stud that we used for Pandora\u2019s second Covering (this resulted in\u00a07 pups,\u00a05 females and\u00a02 males. For more information look at the page for\u00a0<a title=\"Pandora\u2019s \u201cD\u201d Litter\" href=\"https:\/\/www.worldofbullcraft.com\/content\/pandoras-d-litter\/\">Pandora\u2019s \u201cD\u201d Litter<\/a>).<\/p>\n<p>We choose\u00a0Severus\u00a0to mate with <a title=\"\u2018Pandora\u2019 Niebezpieczne Zwiazki\" href=\"https:\/\/www.worldofbullcraft.com\/content\/pandora-niebezpieczne-zwiazki\/\">Pandora<\/a>\u00a0because of\u00a0his coloration (we hope to gain a red pup for our own kennel out of this combination), a good possibility to regain the Kilacabar treats in this offspring, a very balanced structure,\u00a0smooth dynamics\u00a0and a\u00a0tempered personality (Click <a title=\"Severus Snape Verbena F.C.I. Familytree Frontside\" href=\"https:\/\/www.worldofbullcraft.com\/content\/wp-content\/uploads\/2012\/12\/severusfci.jpg\">FrontSide<\/a> for his FCI Familytree).<\/p>\n<p>His owner\/handler is P. Siudeja who resides in Cz\u0119stochowa (\u015bl\u0105skie, Poland). You can reach her by phone on the number +48 660 280 078 for more information about stud services. Severus Snape\u00a0full-filled all show obligations to qualify as Stud.<\/p>\n","protected":false},"excerpt":{"rendered":"<p>Welcome to the courtesy page for: Severus Snape Verbena Biography for Severus Snape Verbena. Born on the 25th of\u00a0July 2009 Father: CH.PL UKUSA RAPSCALLION Mother: ENYA Z\u0142ota Obsesja Weight: * [&hellip;]<\/p>\n","protected":false},"author":1,"featured_media":0,"parent":0,"menu_order":5,"comment_status":"closed","ping_status":"closed","template":"","meta":{"footnotes":""},"tags":[60,94,166,62,53,74],"class_list":["post-1307","page","type-page","status-publish","hentry","tag-bullterrier-2","tag-d-litter","tag-male","tag-pandora","tag-pups-2","tag-stud-2"],"_links":{"self":[{"href":"https:\/\/www.worldofbullcraft.com\/content\/wp-json\/wp\/v2\/pages\/1307","targetHints":{"allow":["GET"]}}],"collection":[{"href":"https:\/\/www.worldofbullcraft.com\/content\/wp-json\/wp\/v2\/pages"}],"about":[{"href":"https:\/\/www.worldofbullcraft.com\/content\/wp-json\/wp\/v2\/types\/page"}],"author":[{"embeddable":true,"href":"https:\/\/www.worldofbullcraft.com\/content\/wp-json\/wp\/v2\/users\/1"}],"replies":[{"embeddable":true,"href":"https:\/\/www.worldofbullcraft.com\/content\/wp-json\/wp\/v2\/comments?post=1307"}],"version-history":[{"count":8,"href":"https:\/\/www.worldofbullcraft.com\/content\/wp-json\/wp\/v2\/pages\/1307\/revisions"}],"predecessor-version":[{"id":2683,"href":"https:\/\/www.worldofbullcraft.com\/content\/wp-json\/wp\/v2\/pages\/1307\/revisions\/2683"}],"wp:attachment":[{"href":"https:\/\/www.worldofbullcraft.com\/content\/wp-json\/wp\/v2\/media?parent=1307"}],"wp:term":[{"taxonomy":"post_tag","embeddable":true,"href":"https:\/\/www.worldofbullcraft.com\/content\/wp-json\/wp\/v2\/tags?post=1307"}],"curies":[{"name":"wp","href":"https:\/\/api.w.org\/{rel}","templated":true}]}}