{"id":5221,"date":"2015-05-19T18:19:09","date_gmt":"2015-05-19T16:19:09","guid":{"rendered":"http:\/\/www.worldofbullcraft.com\/content\/?page_id=5221"},"modified":"2015-08-15T14:24:31","modified_gmt":"2015-08-15T12:24:31","slug":"juliette","status":"publish","type":"page","link":"https:\/\/www.worldofbullcraft.com\/content\/didis-j-litter\/juliette\/","title":{"rendered":"Juliette"},"content":{"rendered":"<h3 style=\"text-align: center;\"><span style=\"font-size: 1.5em;\">Welcome to Juliette&#8217;s Homepage!<\/span><\/h3>\n<!-- Galleria - place you images here -->\n\t<div class=\"row\">\n       <div id=\"galleria\">\t\n\t\t<a href=\"https:\/\/www.worldofbullcraft.com\/content\/wp-content\/uploads\/2015\/05\/Julietta-2-680x450.jpg\"><img title=\"Juliette of World of Bullcraft<p>Juliette of World of Bullcraft<\/p>\" data-title=\"Juliette of World of Bullcraft<p>Juliette of World of Bullcraft<\/p>\"  src=\"https:\/\/www.worldofbullcraft.com\/content\/wp-content\/uploads\/2015\/05\/Julietta-2-100x50.jpg\"  data-big=\"https:\/\/www.worldofbullcraft.com\/content\/wp-content\/uploads\/2015\/05\/Julietta-2.jpg\"\n\t\t\t\t\t\t\t   data-description=\"\"  \/><\/a><a href=\"https:\/\/www.worldofbullcraft.com\/content\/wp-content\/uploads\/2015\/05\/Julietta-5-680x450.jpg\"><img title=\"Juliette of World of Bullcraft<p>Juliette of World of Bullcraft<\/p>\" data-title=\"Juliette of World of Bullcraft<p>Juliette of World of Bullcraft<\/p>\"  src=\"https:\/\/www.worldofbullcraft.com\/content\/wp-content\/uploads\/2015\/05\/Julietta-5-100x50.jpg\"  data-big=\"https:\/\/www.worldofbullcraft.com\/content\/wp-content\/uploads\/2015\/05\/Julietta-5.jpg\"\n\t\t\t\t\t\t\t   data-description=\"\"  \/><\/a><a href=\"https:\/\/www.worldofbullcraft.com\/content\/wp-content\/uploads\/2015\/05\/Julietta-3-680x450.jpg\"><img title=\"Juliette of World of Bullcraft<p>Juliette of World of Bullcraft<\/p>\" data-title=\"Juliette of World of Bullcraft<p>Juliette of World of Bullcraft<\/p>\"  src=\"https:\/\/www.worldofbullcraft.com\/content\/wp-content\/uploads\/2015\/05\/Julietta-3-100x50.jpg\"  data-big=\"https:\/\/www.worldofbullcraft.com\/content\/wp-content\/uploads\/2015\/05\/Julietta-3.jpg\"\n\t\t\t\t\t\t\t   data-description=\"\"  \/><\/a><a href=\"https:\/\/www.worldofbullcraft.com\/content\/wp-content\/uploads\/2015\/05\/Julietta-4-680x450.jpg\"><img title=\"Juliette of World of Bullcraft<p>Juliette of World of Bullcraft<\/p>\" data-title=\"Juliette of World of Bullcraft<p>Juliette of World of Bullcraft<\/p>\"  src=\"https:\/\/www.worldofbullcraft.com\/content\/wp-content\/uploads\/2015\/05\/Julietta-4-100x50.jpg\"  data-big=\"https:\/\/www.worldofbullcraft.com\/content\/wp-content\/uploads\/2015\/05\/Julietta-4.jpg\"\n\t\t\t\t\t\t\t   data-description=\"\"  \/><\/a><a href=\"https:\/\/www.worldofbullcraft.com\/content\/wp-content\/uploads\/2015\/05\/Julietta-1-680x450.jpg\"><img title=\"Juliette of World of Bullcraft<p>Juliette of World of Bullcraft<\/p>\" data-title=\"Juliette of World of Bullcraft<p>Juliette of World of Bullcraft<\/p>\"  src=\"https:\/\/www.worldofbullcraft.com\/content\/wp-content\/uploads\/2015\/05\/Julietta-1-100x50.jpg\"  data-big=\"https:\/\/www.worldofbullcraft.com\/content\/wp-content\/uploads\/2015\/05\/Julietta-1.jpg\"\n\t\t\t\t\t\t\t   data-description=\"\"  \/><\/a>\t\n\t <\/div>\t\n  <\/div>\t\n<!-- Galleria ends here -->\n\n\n<p>Juliette\u00a0is a female in <a title=\"Didi\u2019s \u201cF\u201d Litter\" href=\"https:\/\/www.worldofbullcraft.com\/content\/didis-j-litter\/\">Didi&#8217;s &#8220;J&#8221; Litter<\/a>.<br \/>\nShe already lives with her new family in Germany.<\/p>\n<p><strong>Biography:<\/strong><\/p>\n<p><a href=\"https:\/\/www.worldofbullcraft.com\/content\/wp-content\/uploads\/2015\/05\/juliette.jpg\"><img loading=\"lazy\" decoding=\"async\" class=\"alignleft size-medium wp-image-5540\" src=\"https:\/\/www.worldofbullcraft.com\/content\/wp-content\/uploads\/2015\/05\/juliette-300x295.jpg\" alt=\"Alizee - Juliette\" width=\"300\" height=\"295\" srcset=\"https:\/\/www.worldofbullcraft.com\/content\/wp-content\/uploads\/2015\/05\/juliette-300x295.jpg 300w, https:\/\/www.worldofbullcraft.com\/content\/wp-content\/uploads\/2015\/05\/juliette.jpg 459w\" sizes=\"auto, (max-width: 300px) 100vw, 300px\" \/><\/a>&#8220;Mademoiselle Juliette&#8221; is a song by French singer Aliz\u00e9e, which was released as the first single from her third studio album Psych\u00e9d\u00e9lices,.<br \/>\nIt was released on 30 September 2007<\/p>\n","protected":false},"excerpt":{"rendered":"<p>Welcome to Juliette&#8217;s Homepage! Juliette\u00a0is a female in Didi&#8217;s &#8220;J&#8221; Litter. She already lives with her new family in Germany. Biography: &#8220;Mademoiselle Juliette&#8221; is a song by French singer Aliz\u00e9e, [&hellip;]<\/p>\n","protected":false},"author":1,"featured_media":0,"parent":5188,"menu_order":0,"comment_status":"open","ping_status":"open","template":"","meta":{"footnotes":""},"tags":[43,58,159,277,173,96],"class_list":["post-5221","page","type-page","status-publish","hentry","tag-bulldog-2","tag-didi","tag-female","tag-juliette","tag-pup","tag-tres-llunes-invictus"],"_links":{"self":[{"href":"https:\/\/www.worldofbullcraft.com\/content\/wp-json\/wp\/v2\/pages\/5221","targetHints":{"allow":["GET"]}}],"collection":[{"href":"https:\/\/www.worldofbullcraft.com\/content\/wp-json\/wp\/v2\/pages"}],"about":[{"href":"https:\/\/www.worldofbullcraft.com\/content\/wp-json\/wp\/v2\/types\/page"}],"author":[{"embeddable":true,"href":"https:\/\/www.worldofbullcraft.com\/content\/wp-json\/wp\/v2\/users\/1"}],"replies":[{"embeddable":true,"href":"https:\/\/www.worldofbullcraft.com\/content\/wp-json\/wp\/v2\/comments?post=5221"}],"version-history":[{"count":4,"href":"https:\/\/www.worldofbullcraft.com\/content\/wp-json\/wp\/v2\/pages\/5221\/revisions"}],"predecessor-version":[{"id":5595,"href":"https:\/\/www.worldofbullcraft.com\/content\/wp-json\/wp\/v2\/pages\/5221\/revisions\/5595"}],"up":[{"embeddable":true,"href":"https:\/\/www.worldofbullcraft.com\/content\/wp-json\/wp\/v2\/pages\/5188"}],"wp:attachment":[{"href":"https:\/\/www.worldofbullcraft.com\/content\/wp-json\/wp\/v2\/media?parent=5221"}],"wp:term":[{"taxonomy":"post_tag","embeddable":true,"href":"https:\/\/www.worldofbullcraft.com\/content\/wp-json\/wp\/v2\/tags?post=5221"}],"curies":[{"name":"wp","href":"https:\/\/api.w.org\/{rel}","templated":true}]}}